prime factors of 17089?
23, 743
List the prime factors of 40296.
2, 3, 23, 73
List the prime factors of 1151.
1151
List the prime factors of 7568.
2, 11, 43
List the prime factors of 1055.
5, 211
What are the prime factors of 7164?
2, 3, 199
List the prime factors of 476.
2, 7, 17
What are the prime factors of 22?
2, 11
What are the prime factors of 82808?
2, 11, 941
What are the prime factors of 48605?
5, 9721
What are the prime factors of 2461?
23, 107
What are the prime factors of 2980?
2, 5, 149
List the prime factors of 855.
3, 5, 19
List the prime factors of 16074.
2, 3, 19, 47
What are the prime factors of 963?
3, 107
What are the prime factors of 61976?
2, 61, 127
List the prime factors of 377.
13, 29
List the prime factors of 473.
11, 43
List the prime factors of 2755.
5, 19, 29
What are the prime factors of 3876?
2, 3, 17, 19
What are the prime factors of 6581?
6581
What are the prime factors of 40352?
2, 13, 97
List the prime factors of 5489.
11, 499
What are the prime factors of 72978?
2, 3, 12163
What are the prime factors of 4161?
3, 19, 73
What are the prime factors of 98040?
2, 3, 5, 19, 43
What are the prime factors of 1148?
2, 7, 41
List the prime factors of 2168.
2, 271
List the prime factors of 2560.
2, 5
List the prime factors of 9081.
3, 1009
List the prime factors of 30259.
30259
What are the prime factors of 4937?
4937
What are the prime factors of 41710?
2, 5, 43, 97
What are the prime factors of 2877?
3, 7, 137
What are the prime factors of 3899?
7, 557
List the prime factors of 1325.
5, 53
What are the prime factors of 642?
2, 3, 107
List the prime factors of 377.
13, 29
What are the prime factors of 10182?
2, 3, 1697
List the prime factors of 535.
5, 107
List the prime factors of 4530.
2, 3, 5, 151
What are the prime factors of 47391?
3, 15797
List the prime factors of 44705.
5, 8941
List the prime factors of 316.
2, 79
What are the prime factors of 2075?
5, 83
What are the prime factors of 14546?
2, 7, 1039
List the prime factors of 116948.
2, 13, 173
What are the prime factors of 55974?
2, 3, 19, 491
List the prime factors of 5587.
37, 151
What are the prime factors of 3859?
17, 227
What are the prime factors of 60116?
2, 7, 19, 113
What are the prime factors of 31859?
31859
What are the prime factors of 57958?
2, 28979
What are the prime factors of 28251?
3, 43, 73
What are the prime factors of 67362?
2, 3, 103, 109
List the prime factors of 493.
17, 29
What are the prime factors of 26484?
2, 3, 2207
What are the prime factors of 17113?
109, 157
What are the prime factors of 408?
2, 3, 17
List the prime factors of 10982.
2, 17, 19
What are the prime factors of 168881?
281, 601
List the prime factors of 3174.
2, 3, 23
What are the prime factors of 8412?
2, 3, 701
What are the prime factors of 810?
2, 3, 5
List the prime factors of 1539.
3, 19
List the prime factors of 3829.
7, 547
List the prime factors of 9139.
13, 19, 37
List the prime factors of 135248.
2, 79, 107
What are the prime factors of 1704?
2, 3, 71
List the prime factors of 3522.
2, 3, 587
List the prime factors of 6187.
23, 269
List the prime factors of 25731.
3, 953
List the prime factors of 12341.
7, 41, 43
What are the prime factors of 8311?
8311
List the prime factors of 697.
17, 41
What are the prime factors of 10880?
2, 5, 17
List the prime factors of 4274.
2, 2137
What are the prime factors of 328?
2, 41
What are the prime factors of 19051?
19051
What are the prime factors of 2144?
2, 67
What are the prime factors of 2884?
2, 7, 103
List the prime factors of 9176.
2, 31, 37
List the prime factors of 142918.
2, 19, 3761
List the prime factors of 191.
191
What are the prime factors of 7842?
2, 3, 1307
List the prime factors of 9511.
9511
List the prime factors of 57292.
2, 14323
List the prime factors of 30471.
3, 7, 1451
What are the prime factors of 130402?
2, 113, 577
List the prime factors of 1444.
2, 19
What are the prime factors of 39689?
13, 43, 71
What are the prime factors of 41803?
17, 2459
List the prime factors of 33880.
2, 5, 7, 11
List the prime factors of 158924.
2, 67, 593
List the prime factors of 635.
5, 127
List the prime factors of 8045.
5, 1609
List the prime factors of 7545.
3, 5, 503
What are the prime factors of 20325?
3, 5, 271
List the prime factors of 4796.
2, 11, 109
What are the prime factors of 2577?
3, 859
What are the prime factors of 36171?
3, 4019
What are the prime factors of 4682?
2, 2341
List the prime factors of 1476.
2, 3, 41
List the prime factors of 1315.
5, 263
What are the prime factors of 3483?
3, 43
What are the prime factors of 4379?
29, 151
What are the prime factors of 33911?
33911
List the prime factors of 8404.
2, 11, 191
What are the prime factors of 8700?
2, 3, 5, 29
List the prime factors of 12253.
12253
What are the prime factors of 29457?
3, 1091
List the prime factors of 488.
2, 61
List the prime factors of 19941.
3, 17, 23
List the prime factors of 2185.
5, 19, 23
What are the prime factors of 54607?
7, 29, 269
What are the prime factors of 3284?
2, 821
List the prime factors of 150305.
5, 23, 1307
What are the prime factors of 20627?
20627
List the prime factors of 1339.
13, 103
List the prime factors of 19225.
5, 769
List the prime factors of 16984.
2, 11, 193
What are the prime factors of 11272?
2, 1409
List the prime factors of 39992.
2, 4999
List the prime factors of 1720.
2, 5, 43
What are the prime factors of 8764?
2, 7, 313
What are the prime factors of 16615?
5, 3323
What are the prime factors of 11054?
2, 5527
List the prime factors of 3826.
2, 1913
What are the prime factors of 97197?
3, 179, 181
What are the prime factors of 9654?
2, 3, 1609
List the prime factors of 1127.
7, 23
List the prime factors of 1286.
2, 643
What are the prime factors of 6283?
61, 103
List the prime factors of 2097.
3, 233
What are the prime factors of 2708?
2, 677
What are the prime factors of 55986?
2, 3, 7, 31, 43
What are the prime factors of 3806?
2, 11, 173
What are the prime factors of 955?
5, 191
List the prime factors of 15935.
5, 3187
List the prime factors of 1604.
2, 401
What are the prime factors of 4743?
3, 17, 31
List the prime factors of 6895.
5, 7, 197
What are the prime factors of 66347?
66347
List the prime factors of 5775.
3, 5, 7, 11
What are the prime factors of 343?
7
What are the prime factors of 3886?
2, 29, 67
What are the prime factors of 16138?
2, 8069
What are the prime factors of 2422?
2, 7, 173
List the prime factors of 72469.
72469
List the prime factors of 4962.
2, 3, 827
List the prime factors of 1416.
2, 3, 59
What are the prime factors of 21866?
2, 13, 29
List the prime factors of 2305.
5, 461
What are the prime factors of 47134?
2, 23567
List the prime factors of 403.
13, 31
List the prime factors of 10889.
10889
List the prime factors of 7064.
2, 883
List the prime factors of 4649.
4649
List the prime factors of 38.
2, 19
List the prime factors of 53.
53
What are the prime factors of 59059?
7, 11, 13, 59
List the prime factors of 26315.
5, 19, 277
List the prime factors of 400.
2, 5
What are the prime factors of 501?
3, 167
List the prime factors of 14533.
14533
What are the prime factors of 4759?
4759
List the prime factors of 38002.
2, 19001
What are the prime factors of 1478?
2, 739
What are the prime factors of 41207?
89, 463
List the prime factors of 98803.
29, 3407
List the prime factors of 11146.
2, 5573
What are the prime factors of 568?
2, 71
List the prime factors of 1595.
5, 11, 29
List the prime factors of 7294.
2, 7, 521
What are the prime factors of 4110?
2, 3, 5, 137
What are the prime factors of 35892?
2, 3, 997
List the prime factors of 27440.
2, 5, 7
List the prime factors of 804.
2, 3, 67
List the prime factors of 91912.
2, 11489
What are the prime factors of 7356?
2, 3, 613
List the prime factors of 37687.
13, 223
List the prime factors of 1711.
29, 59
List the prime factors of 45.
3, 5
List the prime factors of 38240.
2, 5, 239
List the prime factors of 3018.
2, 3, 503
What are the prime factors of 22690?
2, 5, 2269
List the prime factors of 25601.
25601
What are the prime factors of 7056?
2, 3, 7
What are the prime factors of 43198?
2, 21599
List the prime factors of 106989.
3, 19, 1877
List the prime factors of 1323.
3, 7
What are the pr